{"id":99,"date":"2013-03-27T13:00:13","date_gmt":"2013-03-27T11:00:13","guid":{"rendered":"http:\/\/www.rsr-kaminholz.de\/?page_id=99"},"modified":"2014-01-14T14:22:14","modified_gmt":"2014-01-14T12:22:14","slug":"holzmase","status":"publish","type":"page","link":"https:\/\/www.rsr-kaminholz.de\/?page_id=99","title":{"rendered":"Holzma\u00dfe"},"content":{"rendered":"<div>\n<div id=\"imCell_1\">\n<div id=\"imCellStyle_1\">\n<div id=\"imTextObject_1\">\n<p>Auf dieser Seite erkl\u00e4ren wir Ihnen die versch. Holzma\u00dfe, damit Sie wissen was in den nachfolgenden Seiten mit den Abk\u00fcrzungen gemeint ist:<\/p>\n<p>Kamin-<wbr \/> und Brennholz bieten wir in folgender Form an:<\/p>\n<p>Sch\u00fcttRaumMeter &#8211;<wbr \/> SRM:<\/p>\n<p>Zum Abmessen eines Sch\u00fcttraummeters benutzen wir unsere Gitterboxen, welche ein F\u00fcllvolumen von etwas \u00fcber 1,00 m\u00b3 besitzten. In diese Boxen wird dann mit dem Lader das Holz heneingekippt. Durch das Hineinsch\u00fctten ist mehr Luft zwischen den Scheiten als wenn wir das Holz Stapeln w\u00fcrden. Abh\u00e4ngig von der Scheitl\u00e4nge ist mehr oder weniger Holz in der Box, bzw. der Holzstapel wird gr\u00f6\u00dfer oder kleiner.<\/p>\n<p>F\u00fcr den 1 m langen, 1 m hohen und 1 m breiten Holzstapel ben\u00f6tigen Sie 1,4 SRM Holz mit 30 cm L\u00e4nge.<\/p>\n<p>Nachfolgende Holzma\u00dfe finden bei uns keine Anwendung:<\/p>\n<p>RaumMeter &#8211;<wbr \/> RM:<\/p>\n<p>Der aufgestapelte Holzhaufen wird mit seinen Aussenl\u00e4nge vermessen.<\/p>\n<p>Auch das Scheidtholz kann aufgestapelt abgemessen werden. Bei dieser Messung wird sowohl Holz, als auch Luft gemessen.<\/p>\n<p>FestMeter &#8211;<wbr \/> FM:<\/p>\n<p>Der Festmeter ergibt sich durch den Umfang oder den Durchmesser der Stammes mal der L\u00e4nge. Hierbei wird also das Holz ohne Luft vermessen. Dieses Ma\u00df wird in der Forstwirtschaft f\u00fcr den An-<wbr \/> und Verkauf von ganzen B\u00e4umen benutzt.<\/p>\n<p>Holz spalten &#8211;<wbr \/> aber richtig<\/p>\n<p>Brennholz machen, Holz spalten: Holz sollte sofort nach dem Einschlag gespalten werden. Dann trocknet es schneller und kann bereits in der n\u00e4chsten Heizperiode in den Ofen geschoben werden.<br \/>\nGrundregel zur Gr\u00f6\u00dfe der Holzscheite: Wenn man den Holzscheit gerade noch mit einer zarten M\u00e4nnerhand packen kann, ist die Gr\u00f6\u00dfe f\u00fcr den Kaminofen okay.<\/p>\n<p>Grundregel zur L\u00e4nge der Holzscheite: 33 Zentimeter<\/p>\n<p>Auf keinen Fall das Holz in St\u00e4mmen ungespalten lagern. Es &#8222;verbrennt&#8220; sonst von innen. Die Folge ist F\u00e4ulnis. Das Holz hat einen minderen Brennwert. Au\u00dferdem l\u00e4sst sich abgelagertes Holz, das immer h\u00e4rter wird, auch schwerer spalten. Dann nimmt man besser den Spalthammer. Manche schw\u00f6ren allerdings drauf. Gefrorenes Holz ist br\u00fcchig und daher sehr leicht zu spalten. Die beste Zeit, um B\u00e4ume zu f\u00e4llen und Holz zu spalten, ist Ende des Jahres, so dass das wintertrockene Holz schon in der kalten Jahrezseit bei geringer Luftfeuchtigkeit trocknen kann.<\/p>\n<p>Wird ein Baum gef\u00e4llt, der frische Bl\u00e4tter hat, wartet man am besten mit dem Abhacken der \u00c4ste, bis die B\u00e4tter vertrocknet sind. Dabei verdunstet viel Wasser durch die Bl\u00e4tter, und das gespaltene Holz trocknet etwas schneller.<\/p>\n<p>In l\u00e4ndlichen Gegenden werden die St\u00e4mme auf Scheitst\u00e4rke in ein Meter lange St\u00fccke halbiert oder sonstwie ges\u00e4gt, um sie stabil zum Trocknen lagern zu k\u00f6nnen.<\/p>\n<p>Zur Heizsaison werden sie nur noch zu 33 Zentimeter langen Scheiten klein ges\u00e4gt.<\/p>\n<p>Brennholz machen &#8211;<wbr \/> mal sportlich, mal bequem<\/p>\n<p>Um die Holzscheite zu spalten, gibt es mehrere M\u00f6glichkeiten: Entweder sportlich wie anno dazumal mit Spaltaxt oder Spalthammer &#8211;<wbr \/> oder mit der hydraulischen Spaltmaschine. Letzteres ist etwas f\u00fcr Sockenb\u00fcgler oder Leute, die wirklich viel Holz vor der H\u00fctte haben. Sie kosten ab 180 Euro aufw\u00e4rts. Bis man die Kosten wieder hereingeheizt hat, d\u00fcrften einige Winter vergehen.<\/p>\n<\/div>\n<\/div>\n<\/div>\n<\/div>\n","protected":false},"excerpt":{"rendered":"<p>Auf dieser Seite erkl\u00e4ren wir Ihnen die versch. Holzma\u00dfe, damit Sie wissen was in den nachfolgenden Seiten mit den Abk\u00fcrzungen gemeint ist: Kamin- und Brennholz bieten wir in folgender Form an: Sch\u00fcttRaumMeter &#8211; SRM: Zum Abmessen eines Sch\u00fcttraummeters benutzen wir unsere Gitterboxen, welche ein F\u00fcllvolumen von etwas \u00fcber 1,00 m\u00b3 besitzten. In diese Boxen wird &hellip; <a href=\"https:\/\/www.rsr-kaminholz.de\/?page_id=99\" class=\"more-link\"><span class=\"screen-reader-text\">Holzma\u00dfe<\/span> weiterlesen <span class=\"meta-nav\">&rarr;<\/span><\/a><\/p>\n","protected":false},"author":1,"featured_media":0,"parent":0,"menu_order":0,"comment_status":"closed","ping_status":"closed","template":"","meta":{"footnotes":""},"_links":{"self":[{"href":"https:\/\/www.rsr-kaminholz.de\/index.php?rest_route=\/wp\/v2\/pages\/99"}],"collection":[{"href":"https:\/\/www.rsr-kaminholz.de\/index.php?rest_route=\/wp\/v2\/pages"}],"about":[{"href":"https:\/\/www.rsr-kaminholz.de\/index.php?rest_route=\/wp\/v2\/types\/page"}],"author":[{"embeddable":true,"href":"https:\/\/www.rsr-kaminholz.de\/index.php?rest_route=\/wp\/v2\/users\/1"}],"replies":[{"embeddable":true,"href":"https:\/\/www.rsr-kaminholz.de\/index.php?rest_route=%2Fwp%2Fv2%2Fcomments&post=99"}],"version-history":[{"count":3,"href":"https:\/\/www.rsr-kaminholz.de\/index.php?rest_route=\/wp\/v2\/pages\/99\/revisions"}],"predecessor-version":[{"id":232,"href":"https:\/\/www.rsr-kaminholz.de\/index.php?rest_route=\/wp\/v2\/pages\/99\/revisions\/232"}],"wp:attachment":[{"href":"https:\/\/www.rsr-kaminholz.de\/index.php?rest_route=%2Fwp%2Fv2%2Fmedia&parent=99"}],"curies":[{"name":"wp","href":"https:\/\/api.w.org\/{rel}","templated":true}]}}